
Let f be -6*(-3)/6 + 801/9. Let d = -87 + f. Suppose 5*r = -d*h + 510, 2*r - 2*h = -0*h + 224. What are the prime factors of r?
107
Let w = -39 - -43. Suppose 0 = -10*h - w*h + 2534. List the prime factors of h.
181
Let p = -23132 + 29930. What are the prime factors of p?
2, 3, 11, 103
Let i be ((-38)/(-57))/(2/18). Suppose -4*s = 5*j - 14, 5*j + 2*s - i = 16. Suppose -5*v + 19 = -j, -2*p - 4*v = -404. List the prime factors of p.
2, 3
Let g = 47 + 62. Let p = g + -108. List the prime factors of 1086/4 - ((-3)/(-6) - p).
2, 17
Let m be -2 + -107 + 3/6*-2. Let j be 5/15 + 1862/(-6). Let p = m - j. What are the prime factors of p?
2, 5
Let o = 15735 - 10678. What are the prime factors of o?
13, 389
Suppose 17 = -5*s - 4*a, 4*s + 2*a = s - 9. Let i(x) = 2*x + 2. Let l be i(s). Suppose l = 13*q - 3*q - 1640. What are the prime factors of q?
2, 41
Let a be -3*10/(-225) - 644/(-345). Let r = -564 + 964. Suppose r = 5*q + a*d, -5*q + 400 = -d - d. List the prime factors of q.
2, 5
Let j be 0*(32/(-12) - -3). Suppose -4*p + 6 = -2*k, 4*p + 2*k - 10 = -j*p. Suppose -p*x = -x - 59. What are the prime factors of x?
59
Let h(g) = 19*g + 78. Let i be h(-4). Suppose 3*k + 4628 = 4*d + 736, -4*d - i*k = -3872. List the prime factors of d.
2, 5, 97
Let h = 1462 + -3473. Let a = -1419 - h. List the prime factors of a.
2, 37
Suppose -4*c = 3*b - 9*c + 29, -c = 4*b + 54. Let x(w) = w**2 + 15*w + 19. Let h be x(b). Let d(r) = r**2 - 3*r. List the prime factors of d(h).
2, 5, 7
Let z(p) = 40 + 48 - 82 + 11*p - p**2. Let r be z(11). Let k = 71 + r. List the prime factors of k.
7, 11
Let w be (2 - 303/12) + (-8)/(-32). Let j = 29 + w. Suppose -j*y - 2*y = -104. List the prime factors of y.
13
Let o(g) = -1138*g - 5334. List the prime factors of o(-21).
2, 3, 7, 13, 17
Let p be 15 + 485170/112 + 2/16. Let c = -2949 + p. What are the prime factors of c?
2, 3, 233
Let f(n) = -106*n**3 - 3*n**2 - 4*n - 16. Let m(s) = -s**3 + s**2 + 1. Let z(u) = f(u) + 6*m(u). What are the prime factors of z(-2)?
2, 3, 151
List the prime factors of 18/6 - (1 - 15685/2)*2.
2, 11, 23, 31
Let v be (-696)/180 - 4/30. Let w(h) = -11*h - 5. Let i be w(v). List the prime factors of (-3 - 1 - -5) + i.
2, 5
Let l(x) be the first derivative of -x**4/4 + x**3/3 + 3*x**2/2 + x + 1. What are the prime factors of l(-4)?
3, 23
Let n be -3*4/18 - (-100)/15. Suppose 0 = -n*l + 5*l + 4. Suppose -4*y + 29 = 3*q, 2*q - l*q + 38 = 5*y. What are the prime factors of y?
2
Let p(i) = 4*i**3 + i**2 - 3*i + 5. Let a be p(2). Suppose -40*c - 110 = -a*c. Let k = c + 71. What are the prime factors of k?
7
Let g = 15982 - -1207. What are the prime factors of g?
17189
Let n = 1256 - 890. Let x = n - 2. What are the prime factors of x?
2, 7, 13
Let a(o) = -5*o**2 + 40*o + 5. Let f be a(8). Suppose -7*b + 3*b = 3*l - 369, 0 = 5*l + f. List the prime factors of b.
3, 31
Let d = 209 + -202. Suppose 1990 + 2448 = d*k. List the prime factors of k.
2, 317
Suppose 34 + 26 = 4*s. Suppose -f = 3*w - s, -2 = 5*f - 5*w + 3. Let p(m) = 10*m**2 + 4. What are the prime factors of p(f)?
2, 47
Let n(m) = 19004*m**2 - 345*m - 346. List the prime factors of n(-1).
31, 613
Let w(g) be the third derivative of -11*g**4/8 + 5*g**3/6 + 10*g**2 - 2. What are the prime factors of w(-6)?
7, 29
What are the prime factors of 25492 - -7*14/49?
2, 3, 7, 607
Suppose 0 = 8*g - 27 - 53. Let y(q) = 3*q**2 - 14*q + 21. What are the prime factors of y(g)?
181
What are the prime factors of (-1 + 11)/(22 - (-527816)/(-23992))?
2, 5, 2999
Suppose 124942 = 195*c - 603332 - 375231. List the prime factors of c.
5659
Let f = -68166 + 101691. List the prime factors of f.
3, 5, 149
Suppose 0 = -3*v + 21, 2*l + 23*v - 18*v = 98479. List the prime factors of l.
2, 24611
Suppose 0 = 21*p - 389 - 997. What are the prime factors of p?
2, 3, 11
Let y = 50123 + -29875. What are the prime factors of y?
2, 2531
Suppose 3 = -3*y - 4*q + 1, 4*q = 5*y - 18. Let m(x) = 53*x**2 - 2*x + x**3 - x - 52*x**y. List the prime factors of m(2).
2, 3
Let j be 33/9 - (-12)/(-18). Suppose 9*f - j*f = 30. Suppose -5*n + 285 = -f*l, -6*n + 2*l = -2*n - 236. List the prime factors of n.
61
Let b(z) = 428*z + 1690. What are the prime factors of b(27)?
2, 37, 179
List the prime factors of ((-33)/(-4))/(((-4)/23832)/((-16)/24)).
3, 11, 331
Let g = -327 + 13592. What are the prime factors of g?
5, 7, 379
Suppose -3*g - h - 670 = 0, 5*g + 0*g - 5*h + 1090 = 0. Let l = g + 603. What are the prime factors of l?
3, 127
Suppose 6*r - 1430 - 3904 = 0. Let t = r - 602. What are the prime factors of t?
7, 41
Let o(s) = -s**2 + 5*s. Let r be o(3). List the prime factors of ((-28)/r)/((-22)/3498).
2, 7, 53
Let d = -18133 + 25915. List the prime factors of d.
2, 3, 1297
Let t(d) = d + 11. Let b(w) = -3*w - 44. Let j(u) = 2*b(u) + 9*t(u). Let s be j(-4). Let l(z) = -90*z - 7. What are the prime factors of l(s)?
83
Let u = -336 + 928. Suppose -2*g = -3*l - 84 - 144, -5*g + u = -2*l. Suppose 0 = -4*m - 4*w + g + 372, -4*m + 482 = -w. What are the prime factors of m?
11
Suppose -4*j - 120*c + 115*c = -199474, -5*c + 249345 = 5*j. What are the prime factors of j?
49871
Suppose 4*w - 12 = -0*w. Let b(n) = 6 + 2 - w + 1 + 13*n. List the prime factors of b(7).
97
Let h = -95 + 50. Let v(x) = -x - 43. Let l be v(-21). Let p = l - h. List the prime factors of p.
23
Suppose 23*l = 25*l + 16. Let q(s) = -39*s + 13. Let p be q(l). Suppose 0 = -5*f - 5*o + p, -3*o + 6*o + 81 = f. What are the prime factors of f?
3, 23
Let v(n) = n + 7. Let s be v(-4). Suppose -s*f + 3*d + 561 = 0, -f = -5*f + d + 751. List the prime factors of 4*f/8 + -4.
2, 3, 5
Let q(b) = 2*b**3 - 113*b**2 - 321*b + 119. List the prime factors of q(60).
73, 83
Let c = 3925 - 3427. What are the prime factors of c?
2, 3, 83
What are the prime factors of (-360)/480 - ((-2)/(-12))/(4/(-428106))?
17837
Let k(v) = 4*v - 8*v - 2*v - 9*v + 53. List the prime factors of k(0).
53
Let m(a) = -1730*a + 5513. What are the prime factors of m(-8)?
3, 6451
Let p be (2 - (-92)/3)/((-24)/36). List the prime factors of (p/98)/((2 + -1)/(-208)).
2, 13
Let g = 183 - 302. Let x = g + 484. What are the prime factors of x?
5, 73
What are the prime factors of ((-286)/(-143))/((-4)/(-16814))?
7, 1201
Suppose -2*p - 173402 = -4*m, -5*m + 5*p + 105861 + 110899 = 0. List the prime factors of m.
67, 647
Let k = -30 - 15. Let z be 83/3 + 30/k. Suppose -q + z = -81. List the prime factors of q.
2, 3
Suppose 109*v - 264954 = 598871. List the prime factors of v.
5, 317
Suppose 2*t = -i + 798, 7*t + 4*i - 1989 = 2*t. Let b = t - 231. What are the prime factors of b?
2, 5, 17
Suppose 18*m = -10*m + 14*m + 255346. What are the prime factors of m?
13, 23, 61
Let p(f) = -65*f + 70. Let q be p(-8). Let b = q - 310. What are the prime factors of b?
2, 5, 7
Let r be (-5)/((-45)/952) - 24/(-108). Let g = r - 101. Suppose -2*b + g*h = -158, -5*b + 3*h + 366 = 5*h. What are the prime factors of b?
2, 37
What are the prime factors of 78*15485/80 - (-12)/96?
2, 7549
Suppose -9*d + 108 = -13*d. Let x(i) = -15*i + 74. What are the prime factors of x(d)?
479
Let k(x) = 3*x**2 - 33*x + 9. Suppose 0 = 3*r + 9, 2*h - 15*r - 51 = -10*r. What are the prime factors of k(h)?
3, 43
Let b = -18 - -14. What are the prime factors of (-10320)/(-27) - b/(-18)?
2, 191
Suppose 9*t = 391880 + 173563. What are the prime factors of t?
62827
Suppose -1634691 = -276*j + 1024654 + 1342379. List the prime factors of j.
3, 179
Let s = 500 - -4679. What are the prime factors of s?
5179
Let r(k) = 4*k + 16. Let v be r(13). Let b = 71 - v. Suppose -2*p + b*n = -75, 2*p + n = 31 + 64. List the prime factors of p.
3, 5
Let k be (531/6)/(1 - 21/30). Let x = k - -274. List the prime factors of x.
569
Suppose -2*n = 3*d - 2, 4*d - 12 = 2*d + 4*n. Suppose 2135 = d*m - 651. What are the prime factors of m?
7, 199
List the prime factors of (15676/(-3))/((3/9)/(39/(-52))).
3, 3919
Let j = -29 + 27. Suppose 2*p - 32 = -3*p + 2*v, 0 = 5*p + 2*v - 48. What are the prime factors of ((-309)/12)/(j/p)?
103
What are the prime factors of ((-88402650)/90)/(-35) + -4*(-3)/(-9)?
7, 19, 211
Suppose 3628 + 18116 = 9*j. Suppose -159*q - j = -167*q. What are the prime factors of q?
2, 151
Suppose -105*z + 342995 + 80283 = 71108. List the pri